v(x) = x**2 - 36*x + 30. Determine v(35).
-5
Let r(z) = 17*z**3 + z**2 + 4*z + 2. Determine r(-1).
-18
Let x(q) = q - 14. What is x(9)?
-5
Let y(p) = -2*p**2 - 55*p - 379. Give y(-17).
-22
Let q(p) = -114*p + 10. What is q(1)?
-104
Let u(o) = o**2 + 26*o - 24. What is u(-19)?
-157
Let i(w) = w + 18. Give i(-23).
-5
Let p(x) = -x**2 + 17*x - 19. Determine p(16).
-3
Let k(x) = x**2 + 13*x - 17. Calculate k(-14).
-3
Let b(m) = 9*m + 122. Determine b(-24).
-94
Let h(o) = o**2 - 2*o - 27. What is h(0)?
-27
Let r(v) = -10*v**2 + 3*v - 2. Determine r(1).
-9
Let l(k) = k**2 + 6*k - 15. Determine l(-10).
25
Let v(i) = i**3 + 11*i**2 + 10*i - 9. Calculate v(-10).
-9
Let a(g) = -36*g + 202. What is a(6)?
-14
Let u(h) = 9*h**2 + h - 6. Calculate u(-3).
72
Let d(f) = f**2 + 8*f - 11. Calculate d(-9).
-2
Let w(l) = -12*l. Determine w(-2).
24
Let t(n) = 2*n**2 + 9*n + 20. Determine t(-4).
16
Let j(f) = 2*f**2 - 11*f + 2. What is j(6)?
8
Let f(t) = t**3 + 6*t**2 + 2*t + 19. What is f(-6)?
7
Let o(l) = -2*l**2 - 75*l - 371. Determine o(-6).
7
Let i(c) = 8*c**3 - 4*c**2 - 2*c + 4. Give i(1).
6
Let j(l) = -12*l + 195. Determine j(16).
3
Let j(d) = 7*d**3 - 2*d + 1. Give j(1).
6
Let a(g) = 50*g + 37. Determine a(-4).
-163
Let p(q) = -3*q**2 + 20*q - 18. Give p(12).
-210
Let m(v) = -v - 23. What is m(-10)?
-13
Let o(h) = -h**3 + 5*h**2 + 5*h - 10. Determine o(5).
15
Let z(h) = h - 9. What is z(3)?
-6
Let j(b) = b**3 - 42*b**2 + 116*b + 42. Determine j(39).
3
Let x(a) = 2*a**2 - 5*a - 5. Determine x(4).
7
Let b(t) = t**3 + 8*t**2 + t + 1. Determine b(-8).
-7
Let y(r) = 2*r**3 + 5*r**2 + 4*r - 2. What is y(-2)?
-6
Let j(s) = -s**2 - s - 4. Determine j(-7).
-46
Let x(s) = -s**2 + 9*s - 9. Determine x(9).
-9
Let k(j) = j**2 + 5*j - 26. Determine k(9).
100
Let d(a) = a**3 - a**2 + 2*a - 37. Give d(0).
-37
Let v(i) = i**3 - 3*i**2 - 4*i + 3. Determine v(4).
3
Let q(n) = -n + 67. Calculate q(-31).
98
Let q(p) = p**3 + 14*p**2 - 2*p - 25. Determine q(-14).
3
Let c(p) = 108*p + 961. Give c(-9).
-11
Let a(i) = -i**2 - 7*i - 10. Give a(-5).
0
Let k(q) = -q**3 + 2*q**2 + 6*q - 7. Calculate k(5).
-52
Let i(s) = s**3 - 11*s**2 + 10*s - 1. What is i(10)?
-1
Let b(j) = -3*j**2 + 10*j - 7. Calculate b(6).
-55
Let p(z) = 2*z + 1. Calculate p(12).
25
Let r(a) = -2*a**3 - 14*a**2 + 6. Calculate r(-7).
6
Let n(d) = 3*d - 23. Determine n(6).
-5
Let h(k) = 4*k + 39. Determine h(-8).
7
Let m(v) = 2*v**3 - 164*v**2 - 3*v + 244. What is m(82)?
-2
Let d(s) = -15*s - 935. Determine d(-62).
-5
Let p(m) = m**3 - 9*m**2 - 8*m - 21. Calculate p(10).
-1
Let l(c) = -c - 48. Give l(0).
-48
Let z(f) = 2*f + 18. What is z(4)?
26
Let u(n) = 4*n + 4. What is u(14)?
60
Let u(z) = -4*z + 3. Calculate u(8).
-29
Let w(p) = 5*p + 172. Determine w(-34).
2
Let w(c) = c**3 + 4*c**2 + 8*c + 4. Calculate w(-4).
-28
Let n(a) = -3*a**3 - 2*a**2 - a + 1. Give n(-2).
19
Let a(j) = 2*j**3 + 12*j**2 - 8*j - 12. Determine a(-6).
36
Let o(c) = -9*c**2 + 26*c - 7. Give o(2).
9
Let m(u) = u**3 - 6*u**2 - 5*u + 11. Calculate m(6).
-19
Let t(n) = -n**2 - 4*n - 14. Determine t(-7).
-35
Let s(p) = -3*p**2 + 17*p - 14. What is s(4)?
6
Let p(o) = o + 4. Give p(0).
4
Let m(x) = -x**2 - 11*x - 9. Calculate m(-9).
9
Let q(h) = -h**3 + 3*h**2 + 3*h - 15. Determine q(3).
-6
Let o(c) = -14*c - 69. Determine o(-6).
15
Let u(d) = -d**3 - 16*d**2 - 15*d - 7. Determine u(-15).
-7
Let v(j) = -26*j**3 + j**2 - j. Give v(1).
-26
Let q(y) = -y**3 + 3*y**2 + 6*y - 5. What is q(3)?
13
Let m(n) = -n**3 - 5*n**2 - 2. What is m(-5)?
-2
Let p(w) = -2*w**2 - 7*w + 18. Determine p(2).
-4
Let n(h) = 47*h - 421. Give n(9).
2
Let t(y) = y**2 + 16*y - 19. Give t(-22).
113
Let g(q) = q**3 - 5*q**2 - 10*q + 39. Give g(5).
-11
Let g(m) = 2*m + 1. Determine g(10).
21
Let z(c) = -c**2 - 9*c - 12. Determine z(-8).
-4
Let h(w) = w**3 + 6*w**2 - 11*w + 7. What is h(-8)?
-33
Let p(o) = -o**2 + 6*o - 8. What is p(6)?
-8
Let w(y) = -6*y + 48. Calculate w(8).
0
Let k(g) = -g - 27. Give k(-17).
-10
Let p(y) = y**3 - 13*y**2 + 14*y - 16. Calculate p(12).
8
Let h(t) = -38*t - 7. What is h(-1)?
31
Let h(r) = -47*r + 30. Give h(1).
-17
Let y(p) = -5*p - 292. Determine y(-57).
-7
Let l(c) = c**3 - 14*c**2 - 36*c + 55. What is l(16)?
-9
Let v(s) = s**3 + 3*s**2 - 7*s - 9. Give v(-4).
3
Let j(d) = d**3 + 35*d**2 - 41*d - 178. Calculate j(-36).
2
Let n(m) = -m**3 - 6*m**2 + 2*m + 6. Calculate n(-6).
-6
Let v(y) = -y**2 - 17*y - 46. Calculate v(-14).
-4
Let b(k) = 5*k**2 - 4*k - 5. Determine b(-4).
91
Let p(m) = -15*m**3 + 2*m**2 - 1. What is p(-1)?
16
Let f(y) = -y**3 - 2*y**2 + 3*y + 1. What is f(-3)?
1
Let b(u) = -u**3 - 2*u**2 + u + 3. Calculate b(0).
3
Let i(j) = -80*j**3 - 3*j - 2. Determine i(-1).
81
Let i(b) = -b + 6. Determine i(4).
2
Let v(j) = j**2 + 19*j - 66. Determine v(-22).
0
Let q(h) = -6*h - 8. Determine q(-6).
28
Let f(i) = 2*i**3 + 2*i**2 - 2. What is f(0)?
-2
Let j(l) = 2*l - 14. Determine j(9).
4
Let a(v) = 4*v + 45. Calculate a(-15).
-15
Let r(h) = -h**3 + 16*h**2 - 18*h + 40. Calculate r(15).
-5
Let i(j) = -j + 21. Determine i(9).
12
Let s(h) = 3*h**2 - 2*h + 1. What is s(1)?
2
Let d(v) = -9*v + 44. What is d(7)?
-19
Let q(u) = -u**3 + 7*u**2 - u - 1. What is q(3)?
32
Let i(z) = -4*z + 32. Give i(7).
4
Let b(p) = p - 15. Calculate b(7).
-8
Let b(f) = f**2 - f - 12. Calculate b(8).
44
Let d(g) = g**2 - 9*g - 5. Give d(9).
-5
Let v(c) = 2*c + 19. Determine v(-11).
-3
Let y(z) = 88*z + 981. Determine y(-11).
13
Let n(b) = 205*b - 1647. What is n(8)?
-7
Let n(h) = -2*h**3 + h**2 + h - 1. What is n(2)?
-11
Let x(f) = -f + 46. Give x(30).
16
Let a(g) = -4*g - 11. Calculate a(-2).
-3
Let v(p) = -p**2 + 4*p. Give v(5).
-5
Let s(p) = -p**2 + 5*p + 17. Give s(-5).
-33
Let u(z) = -5*z**3 - 39*z**2 + 9*z + 18. Determine u(-8).
10
Let a(r) = -r**3 + 3*r**2 + 4*r + 4. Determine a(-3).
46
Let b(w) = -40*w**2 + 4*w + 5. What is b(-1)?
-39
Let x(b) = 2*b**3 + 42*b**2 + 41*b + 16. What is x(-20)?
-4
Let x(h) = -h**2 + 15*h + 25. Determine x(17).
-9
Let w(m) = -m**3 - 13*m**2 - 27*m + 22. Determine w(-10).
-8
Let k(j) = 5*j**3 + 31*j**2 + 7*j + 12. Determine k(-6).
6
Let a(u) = -2*u**2 - 13*u - 17. Determine a(-7).
-24
Let w(h) = -8*h**3 + 2*h**2 + 2*h - 1. Determine w(1).
-5
Let m(k) = -10*k + 145. What is m(14)?
5
Let v(q) = -q**3 - 10*q**2 + 11*q + 6. Give v(-11).
6
Let j(o) = -o**3 - 5*o**2 - 4*o - 1. What is j(-4)?
-1
Let f(o) = 2*o**2 - 5*o - 3. Calculate f(4).
9
Let g(b) = b**3 + 5*b**2 + 2*b - 2. Determine g(-5).
-12
Let c(d) = 10*d**2 - 65*d - 40. What is c(7)?
-5
Let k(u) = u**2 - 5*u - 6. What is k(8)?
18
Let h(w) = -2*w + 5. Give h(-8).
21
Let a(y) = -24*y - 288. Determine a(-12).
0
Let f(a) = 2*a. Calculate f(-10).
-20
Let d(a) = 11*a - 1. What is d(7)?
76
Let p(y) = -y + 4. Calculate p(18).
-14
Let p(r) = r**3 - 2*r**2 - 2*r - 8. What is p(4)?
16
Let o(f) = -f**2 - 9*f - 11. What is o(-7)?
3
Let y(s) = s**3 + 9*s**2 + 12*s + 19. Calculate y(-7).
33
Let u(r) = 5*r - 3. Calculate u(5).
22
Let t(c) = -c**2 - 10*c - 5. Give t(-9).
4
Let r(m) = 19*m - 86. What is r(6)?
28
Let d(v) = -4*v - 15. Determine d(-3).
-3
Let y(k) = -k**2 + 9*k + 1. Give y(10).
-9
Let x(t) = -4*t + 76. Calculate x(15).
16
Let o(x) = -x - 14. What is o(8)?
-22
Let f(q) = -q**2 + 55. Give f(0).
55
Let q(i) = i**3 + 19*i**2 + 20*i + 36. Calculate q(-18).
0
Let v(c) = c**2 - 8*c + 8. Calculate v(7).
1
Let l(q) = q + 8. Give l(-7).
1
Let f(o) = -18*o**3 - 2*o - 2. Calculate f(-1).
18
Let x(p) = -p**2 - 2*p + 34. Calculate x(5).
-1
Let v(b) = 2*b**3 + 27*b**2 + 13*b + 7. What is v(-13)?
7
Let y(x) = x**3 + 19*x**2 + 15*x - 87. Give y(-18).
-33
Let d(i) = i**2 - 27*i - 1. Determine d(25).
-51
Let h(t) = t**3 - 8*t**2 - 343*t + 35. Calculate h(-15).
5
Let g(d) = d**2 - 17*d + 34. Give g(15).
4
Let a(p) = p**3 - 11*p**2 + 15*p + 2. What is a(9)?
-25
Let s(u) = u**3 + 19*u**2 + 16*u - 23. What is s(-18)?
13
Let j(w) = -4*w**2 + 25*w - 4. Give j(6).
2
Let k(v) = v**3 - 4*v**2 + 3*v - 6. Calculate k(4).
6
Let o(x) = -12*x**3 + x**2 - 2. Calculate o(-1).
11
Let c(j) = j**3 + 7*j**2 - 3*j - 9. Determine c(-7).
12
Let h(g) = 2*g**2 - 3*g - 6. Calculate h(5).
29
Let w(u) = u**2 + 18*u + 39. Calculate w(-16).
7
Let h(f) = -3*f - 8. Calculate h(-4).
4
Let g(t) = t**3 + 3*t**2 - 3*t - 22. What is g(-